s of f?
2, 3, 17
Let y(a) be the second derivative of 1/6*a**3 + a**2 + 0 - 5*a. What are the prime factors of y(4)?
2, 3
Let l = -163 + 163. Suppose -h = -4*o - 256, 2*o + 3*o = l. List the prime factors of h.
2
Suppose -3 = 3*c, -3*c + 15 + 30 = -4*d. Let i = d + 14. Suppose -i*u = -0*u - 36. What are the prime factors of u?
2, 3
Let l(r) = -r**3 - 10*r**2 + 4*r - 22. Let o(z) = -z**3 - z - 1. Let b(i) = -l(i) + 2*o(i). List the prime factors of b(8).
2, 5
Suppose -y + 15 = 2*y. Suppose 25 = y*x - 4*r, -2*r = 6 + 4. What are the prime factors of (4/(-12))/(x/(-6))?
2
Suppose -3*g = -4*g + 636. List the prime factors of g.
2, 3, 53
Let x(h) be the first derivative of -h**3/3 - 3*h**2/2 - 5*h + 4. Let c be x(-5). Let f = c - -42. List the prime factors of f.
3
Suppose -1 = -0*t - t + 2*l, 2*l - 14 = -2*t. Suppose 2*k + 5*p = k - 20, -3*k - t = 4*p. Suppose -13 = -2*f - k. What are the prime factors of f?
2
Let u = -102 + 103. List the prime factors of -1 + 144 - (-1 - u - -2).
11, 13
Let d(i) be the first derivative of -25*i**2/2 + 32*i - 40. List the prime factors of d(-9).
257
Let t = 1404 + -132. What are the prime factors of t?
2, 3, 53
Let n(r) = -9 + 123*r - 55*r - 48*r. List the prime factors of n(8).
151
Let o(p) = 8*p + 10. Let t(a) = a**2 + 10*a + 10. Let i(m) = m**2 + 11*m + 11. Let l(s) = 2*i(s) - 3*t(s). Let z be l(-5). List the prime factors of o(z).
2, 3, 11
What are the prime factors of 1/(42/(-4)) - 121000/(-420)?
2, 3
Let p be (12/(-18))/(4/(-78)). Let r be -3 - 254/(6 + -4). What are the prime factors of 20/r - (-158)/p?
2, 3
Suppose 3*y + 52 - 466 = 0. Suppose 0 = -2*i + z + 261, i = 3*z - z + y. List the prime factors of i.
2
Let x be (3 + (-6)/2)/2. Suppose 17*b - 20*b + 570 = x. List the prime factors of b.
2, 5, 19
Let c(z) = 22*z**2 - 9*z + 22. List the prime factors of c(5).
17, 31
Suppose -3*p = p - 24. Suppose -4*a - p = 2*n, n + 3*a - 3 = -7. Let y(x) = -9*x - 1. What are the prime factors of y(n)?
2
Suppose 17*a - 3*h + 243 = 20*a, -2*a + 162 = 3*h. List the prime factors of a.
3
Suppose 1007*a = 1013*a - 4488. List the prime factors of a.
2, 11, 17
Suppose -4392 - 99 = -9*r. What are the prime factors of r?
499
Let z(v) be the third derivative of v**5/20 - v**4/24 - 2*v**3/3 + 10*v**2. Let m be 3 - -3 - (1 + 2). List the prime factors of z(m).
2, 5
Let n = -1646 - -3156. What are the prime factors of n?
2, 5, 151
Let z(q) = 77*q**2 + 15*q + 11. Let s(p) = 38*p**2 + 7*p + 5. Let m(t) = 9*s(t) - 4*z(t). What are the prime factors of m(-2)?
131
Let q(w) be the second derivative of -w**3/6 - 11*w**2/2 - 5*w. Let m be q(-12). List the prime factors of 20 - 3 - -2*m.
19
Suppose -5*n = 41 + 9. Let h(a) = -a**3 - 9*a**2 + 9*a + 9. List the prime factors of h(n).
19
Suppose 4*z + 4*o + 40 = 0, -o + 2 = -3. Let i = 2 + z. List the prime factors of ((-69)/(-2))/(i/(-26)).
3, 23
Let s be -1 + -1 - 6/(-3). Suppose 5*w = -2*u + 300, s*u - 5*u = -25. What are the prime factors of w?
2, 29
Let c = -8 + 10. Suppose 0 = w + 3*w + 5*y - 37, -4*w + c = -2*y. Suppose 5*b = 7 + w. What are the prime factors of b?
2
Let b = -1189 - -2428. What are the prime factors of b?
3, 7, 59
Suppose -3835 = -12*b - b. What are the prime factors of b?
5, 59
Let g(r) be the second derivative of 5*r**2 + 0 - 8*r + 5/6*r**3. What are the prime factors of g(6)?
2, 5
Let a be (-1)/((-3)/66*2). Let w be (-20)/6*(-33)/a. Suppose w*b - 6*b - 68 = 0. List the prime factors of b.
17
Suppose -4*j = -g - 11, 2*j - 2*g - g - 3 = 0. Suppose -17 = 2*p + p - 4*c, -4*p - 11 = -j*c. What are the prime factors of p/(-6) - (-818)/12?
2, 17
Let v = -1769 - -3443. What are the prime factors of v?
2, 3, 31
Suppose 15*t - 40 = 20. Suppose 5*c + 424 = 3*m, -716 + 158 = -t*m + 3*c. What are the prime factors of m?
2, 3, 23
Suppose 0 = -4*o + 3*p - 2*p + 2181, -3*o = -3*p - 1647. List the prime factors of o.
2, 17
Suppose 17*g - 6*g = 44. Suppose l - g*d = 205, -d = 5*l - 5*d - 1073. What are the prime factors of l?
7, 31
Suppose -5*a = -4*a - 2. What are the prime factors of (a/6)/(20/180)?
3
Suppose 170 = -8*n + 3*n. Let c = 79 + -20. Let y = n + c. List the prime factors of y.
5
Suppose 3*n - 4*i = 6057, 8*i = 4*n + 3*i - 8075. What are the prime factors of n?
5, 13, 31
Let i(a) be the first derivative of a**2 - 6*a - 9. Let v be i(2). What are the prime factors of (-10)/(-20) - 53/v?
3
Let b be (-1)/(-3) + (-35)/(-21). Suppose b*j + 93 = 5*j. List the prime factors of j.
31
Let l = -7 - -18. Let h = 11 - l. List the prime factors of h/(-2) - (-4 - 7).
11
Suppose 3*u + 3*x + 2*x = 2256, 0 = -2*x. What are the prime factors of u?
2, 47
Let d(o) = 21*o**2 - 2*o - 3. Let a be d(-1). Suppose -7*c = -3*c. What are the prime factors of 2*(a - (1 - c))?
2, 19
Let v(h) = 10*h**3 - 4*h**2 - 14*h - 17. List the prime factors of v(5).
1063
Suppose 4*u = -4*t + 14256, 0*u - 5*u - 7128 = -2*t. List the prime factors of t.
2, 3, 11
Suppose 5*n + 52 = -4*w + 799, 5*n - 741 = -2*w. Suppose -2*i - 3*a + n = -2*a, -5*a - 273 = -4*i. List the prime factors of i.
2, 3
Let m = 2929 + -1986. What are the prime factors of m?
23, 41
Suppose 3*l = -2*q + 71, 0 = -q - 3*l - 0*l + 43. Suppose 6*m = q + 20. What are the prime factors of m?
2
Suppose -5*v - 41 = -136. Suppose 4*f + 5*y = -48, 2*y = -2*f - 8 - 14. Let i = f + v. What are the prime factors of i?
2, 3
Let z(b) = b**2 - 9*b - 150. What are the prime factors of z(-62)?
2, 1063
Let q = -26 + 31. Suppose -10*m + 15 = -q*m. List the prime factors of m/2*-19*-2.
3, 19
Suppose 3*z + 6 = 0, z + 2167 = 5*p + 5*z. What are the prime factors of p?
3, 5, 29
Suppose 38 = 17*t - 13. Let j(u) = -32*u**3 + u**2 + u + 1. Let q be j(-1). Let h = q - t. List the prime factors of h.
2, 3, 5
Let z(g) = 2*g**2 + 2*g - 9. Let t be z(2). Suppose t*v - 302 = 4*q + 138, -10 = 5*q. What are the prime factors of v?
2, 3
Let g be ((-2)/2)/(-1)*3. Let m be (-1)/(-2)*2*103. Suppose 37 = -g*h + m. What are the prime factors of h?
2, 11
Let r(q) = -42*q - 84. Let p be r(-9). Let j = p + -172. What are the prime factors of j?
2, 61
Let x be 2 + (-4 + 13 - 1). Suppose -29 = -2*q + 5*d + x, 0 = q - 2*d - 19. Suppose -3*f + q + 1 = 0. What are the prime factors of f?
2, 3
Let v(f) = -4*f**2 + 16*f - 12. Let w be v(8). Let b = -72 - w. List the prime factors of b.
2, 17
Suppose -9*l - 26*l = -52605. What are the prime factors of l?
3, 167
Let y(l) = -l**3 + l**2 - l + 2. Let r be y(2). Let s be 2/r*(-4 - 2). Suppose 40 = s*u - 41. What are the prime factors of u?
3
Let w(c) = -66*c - 8. Let r(t) = t**3 - 11*t**2 - 25*t - 14. Let g be r(13). What are the prime factors of w(g)?
2, 29
Suppose -96*x + 183447 = -45*x. List the prime factors of x.
3, 11, 109
Suppose 6*f = m + 3*f - 1130, 5*f = -10. What are the prime factors of m?
2, 281
Let j(v) = v**3 + 2*v**2 - 2*v + 3. Let n be j(3). What are the prime factors of n/(-56) - 1574/(-8)?
2, 7
Suppose -10486 - 13754 = -12*o. List the prime factors of o.
2, 5, 101
Suppose -4*c - 364 = -6*c. Let l = 314 - c. Suppose 7*w - l = w. What are the prime factors of w?
2, 11
Let x be 2*-1 - (0 + -10). Let y be (3/(-2) + 1)/(6/(-420)). Let m = x + y. List the prime factors of m.
43
Suppose 10*j - 4*j = -84. Let s(p) = -p**3 + 3*p**2 + 3*p + 3. Let w be s(4). List the prime factors of -2 + w + j/(-2).
2
Let b(o) = o**3 - 5*o**2 + 5*o - 1. Let l be b(4). Suppose -l*f + 266 = 2*j, -116 - 340 = -5*f + 3*j. What are the prime factors of f?
2, 3, 5
Let u(t) = 3*t**2 + 21*t + 45. Suppose -3*f - 26 - 13 = 0. What are the prime factors of u(f)?
3, 31
Let m = -6 - -8. Let s be m/(-6) - (-36)/27. What are the prime factors of 20/15*(2 + s)?
2
Let y(m) = -46*m - m**2 + 3*m**2 + 5 + 41*m. What are the prime factors of y(-5)?
2, 5
Let p(k) = 2*k**2 - 5*k - 4. Let g be p(4). Suppose 2*b + 3*d = 16, b + d - g = -0*b. What are the prime factors of 178/b - 1/4?
2, 11
Let a(n) = -n + 11. Let k(t) = t**3 + 1. Let y be k(2). Let o be a(y). What are the prime factors of (1 - 7)/o + 31?
2, 7
Let y be 1352/10 - 3/15. Let x be (0 + -1)/(-4) - (-49)/28. Suppose -n + c = n - y, -x*c + 150 = 2*n. What are the prime factors of n?
2, 5, 7
Let d(m) = m**3 - 10*m**2 + 11*m + 12. Let l be d(10). Let j = 177 - l. Suppose 4*x - j = 9. List the prime factors of x.
2
List 